 11, r = -x*z - 0*z. Suppose -r*f + 25 = -0*f. List the prime factors of f.
5
Let u = 287 + -198. List the prime factors of u.
89
Let z(s) = 12*s**2 + s + 1. Suppose -3*w = -8*w + 30. Let p(m) = -m + 5. Let n be p(w). List the prime factors of z(n).
2, 3
Suppose -5*n + 20 = -n - z, 0 = -3*n - 3*z + 30. Suppose n = 4*y - 14. Suppose 2*t + 16 = 3*v - 15, 3 = 4*v + y*t. What are the prime factors of v?
7
Let y = 92 - 57. List the prime factors of y.
5, 7
What are the prime factors of -1 + 174/(0 - -2)?
2, 43
Let d be 1 - 1 - 4/(-2). Let q = 1 + d. Suppose 5*n - q = 57. What are the prime factors of n?
2, 3
Let c(t) = t**2 + t + 1. Let f be c(0). Let p be (f - 1) + 1 + 2. List the prime factors of (10/3 - 2)*p.
2
Let n = 118 + -45. List the prime factors of n.
73
Let t be (-45)/2*(-44)/(-55). What are the prime factors of (5/(-3))/(1/t)?
2, 3, 5
Let u be (-1)/(1 + (-12)/9). Suppose -152 = u*b - 5*b. Suppose -2*n + b = 2*n + 2*y, n - 3*y - 19 = 0. List the prime factors of n.
19
Let o(m) = m - 1. Let k be o(5). Let j = 7 - -1. Suppose 3*i - 1 + k = 0, s - j = 4*i. List the prime factors of s.
2
Let d be 2/(-4) + (-3)/(-6). Suppose -3*z - 4 + 19 = 0. Suppose b + 5*g + 1 - 3 = d, z*b + g - 58 = 0. List the prime factors of b.
2, 3
Let l be -22*(-1)/((-3)/3). Let s = l - -39. Let t = 25 - s. What are the prime factors of t?
2
Suppose 136 = -5*w - 84. Let q = w + 73. What are the prime factors of q?
29
Let d = 139 + -87. List the prime factors of d.
2, 13
Let c(w) be the second derivative of -w**4/12 - 5*w**3/6 - w**2/2 - 2*w. List the prime factors of c(-4).
3
Let b = 7 - 9. What are the prime factors of (-2)/1*5/b?
5
Suppose -30*w + 34*w = 360. What are the prime factors of w?
2, 3, 5
Let d be 2/4 + 14/4. Let y = d + 0. Suppose 2*p + 2*s - y = 0, 2*s - 4 = -2*p + s. What are the prime factors of p?
2
Let z = -9 + 17. What are the prime factors of z?
2
Let b be (3/(-9))/(2/18). Let x(q) = -q**2 - 5*q - 3. Let s be x(b). List the prime factors of 16/s*(-3)/(-2).
2
Let m(o) = 2*o**2 + 3*o + 1. Let h be m(-2). Let s be 18 - (6/3 - h). Suppose -4*y + 3*b = -11, 0*y + 2*b = 5*y - s. List the prime factors of y.
5
Let p be -6*(-1)/12*14. Let g(l) = -l**3 - l - 4. Let d be g(0). Let y = d + p. List the prime factors of y.
3
List the prime factors of ((-27)/(-81))/(-1*(-1)/387).
3, 43
Let u(h) = 9*h**2 + 32. What are the prime factors of u(5)?
257
Let v(a) = -a**3 - 6*a**2 - 7*a - 4. Let u be (-2 - 1) + (2 - -4). Suppose -4*f = -f - u, -2*f + 12 = -2*p. What are the prime factors of v(p)?
2, 3
Let g(j) = j**2 - 2. Let a(k) = k**3 + 4*k**2 - 5*k + 3. Let v be a(-5). What are the prime factors of g(v)?
7
Let n = -4 + -1. Let k = 27 - 16. Let p = k + n. What are the prime factors of p?
2, 3
Let d(i) = -i**3 - 5*i**2 - 6*i - 4. Let r be d(-4). Suppose 2*w - 5*w = 2*t + 6, 12 = -5*w - r*t. Suppose -n - 3*n + 28 = w. What are the prime factors of n?
7
List the prime factors of ((-6)/(-18))/(3/72).
2
Let g = 23 + -42. Let q = 43 + g. List the prime factors of q.
2, 3
Suppose 0 = 5*u - 3*m - 736, 2*u = -4*m + 41 + 243. List the prime factors of u.
2, 73
Suppose -2*l - 4*n = -4*l + 64, 0 = -3*l + 3*n + 105. List the prime factors of l.
2, 19
Suppose -k = -3*x - 2, 0 = -0*x + 5*x + 2*k - 15. Let d be x*(-6)/3 - -3. Suppose -1 - d = -l. List the prime factors of l.
2
Suppose -b = 4*j - 508, -2049 = -4*b + 2*j - j. List the prime factors of 2/(-7) - b/(-28).
2, 3
Let x be 4/(2/(-12)*-3). Let o = 12 - x. List the prime factors of o.
2
Suppose 4*s + 2*a = 156, -6*a = -3*s - 2*a + 139. Suppose -f = 2*f + q - 37, 3*f + 5*q - s = 0. What are the prime factors of f?
2, 3
Let f(k) = k**2 - 4*k - 3. Let m be f(5). Suppose 2*z = -z - 15, -m = -2*l + 2*z. List the prime factors of (-2)/3*30/l.
5
Suppose y + 15 = -4*y. List the prime factors of y*6/(-9)*7.
2, 7
Let r = -20 + 79. What are the prime factors of r?
59
Let t = 343 - 242. List the prime factors of t.
101
Let s = -69 + 97. List the prime factors of s.
2, 7
Suppose 4*n - 752 = -5*j, -3*j + 29 = 2*n - 421. Suppose 5*g - g = j. What are the prime factors of g?
37
What are the prime factors of 1/(2/(-36))*3/(-9)?
2, 3
Let b(f) = f**3 + 5*f**2 - 2*f - 5. Suppose -4*m = 14 + 2. What are the prime factors of b(m)?
19
Suppose 5*v - 5*i = 155, -v + 33 = -0*i - 3*i. Suppose -4*t + 97 - 29 = 0. Let r = v - t. List the prime factors of r.
13
Let d be (-22 - 2)/(9/(-6)). Let m = d + -9. List the prime factors of m.
7
What are the prime factors of 14900/120 - ((-2)/(-12))/1?
2, 31
Let r = -147 - -299. List the prime factors of r.
2, 19
Suppose -4*k + 0*k = -92. Suppose -2*z = -5*y + 56, 2*y = -0*y + z + k. List the prime factors of y.
2, 5
Let p = -38 + 10. Let r = -2 - p. What are the prime factors of r?
2, 13
Let a = -11 + 27. Let v = -6 + a. What are the prime factors of v?
2, 5
Suppose -2*g - 2*d + d - 6 = 0, 3 = -g + d. Suppose 32*b = 37*b. List the prime factors of (2 + (b - 5))*g.
3
Let g(t) = -10*t**2 - 2*t + 1. Let s be g(2). Let d(m) = -2*m**2 + 6*m - 6. Let a be d(7). Let c = s - a. What are the prime factors of c?
19
Let a = 30 + -44. Suppose 0 = -4*n + 58 + 34. List the prime factors of n/7 + 4/a.
3
Let b(w) = -w**2 + 23*w - 15. What are the prime factors of b(6)?
3, 29
List the prime factors of 15 - (8/(-2) - -3).
2
Let h = 76 + -51. What are the prime factors of h?
5
Let m(i) = -i**3 + 5*i**2 + 7*i - 4. Let o be m(6). Suppose -o*f + 0*f = -20. List the prime factors of (f/(-4))/((-2)/4).
5
Let b(y) = y**3 + 5*y**2 + y - 4. Let f be b(-4). What are the prime factors of (-260)/f*(-12)/15?
2, 13
List the prime factors of (-98)/(1 + -2 - 1).
7
Suppose 0 = -3*r + 2*s + 16, -6*r + r = s - 44. Let k(f) = 3*f - 9. List the prime factors of k(r).
3, 5
Let f(p) be the first derivative of 3*p**4/4 - p**3/3 + p**2/2 - p - 1. Let w be f(1). List the prime factors of w/(0 + 2/4).
2
Let g = 30 - 4. What are the prime factors of g?
2, 13
Let z = 3 + 0. Let u be (3*-1)/((-1)/z). Suppose -5*k + 11 = -u. What are the prime factors of k?
2
Suppose 0 = -5*q + 3 + 7. Let x(w) = -2*w + 9*w**q + 2*w**2 + 6*w**2 + 1. What are the prime factors of x(1)?
2
Suppose 19 = 5*y + 89. Let o = -1 + y. Let m = o - -35. List the prime factors of m.
2, 5
Let v(n) = 3*n**2 + 19*n - 56. Let m = -4 - -7. Let g(j) = j**2 + 6*j - 19. Let c(a) = m*v(a) - 8*g(a). List the prime factors of c(-11).
2, 3
Let o be (-2 - 5) + 4 - -6. Suppose 2*l = 6*l - 12. Suppose 2*v - 49 = -5*r + v, l*v + 15 = o*r. List the prime factors of r.
3
Let b = 29 - -10. List the prime factors of b.
3, 13
Suppose 19*y - 24*y + 215 = 0. List the prime factors of y.
43
Let j be -13 + (-6 - (-12)/4). Let f = j + 24. What are the prime factors of f?
2
Suppose 0 = -3*k - 0*k - 36. Let a(l) = -l**2 - 14*l - 15. List the prime factors of a(k).
3
Let t(a) = -a**2 - a - 10. Let i be t(0). Let v = i - -16. Let z(n) = 2*n. What are the prime factors of z(v)?
2, 3
List the prime factors of (-12)/(-8)*74/3.
37
Suppose 4*p = -p. Suppose -5*y - 18 + 43 = p. Suppose o = y*o - 20. List the prime factors of o.
5
Let s(j) = j**3 + j**2 + 11. Let i = -10 - -10. What are the prime factors of s(i)?
11
Suppose 0 = -3*h + 3*u, 5*h - 4 = 2*u + 2. Suppose s + 0*s = 3, 3*s = -5*i + 49. Let v = i + h. What are the prime factors of v?
2, 5
Let i(h) = -h**2 + h - 27. Let x be i(0). Let j = 43 + x. List the prime factors of j.
2
Let l be 2 + (2 - 1)*-7. Let n = l + 9. Suppose 3*h + 2 = n*h. What are the prime factors of h?
2
Suppose 0 = m + m - 214. Suppose -n - 77 = -4*j, 3*n + m - 9 = 5*j. What are the prime factors of j?
19
Let u = 25 + -16. List the prime factors of 30/2*u/5.
3
Suppose 2*n + 16 = 5*w, 2*w - 2*n = -4 + 14. Suppose -2*p = -w - 6. What are the prime factors of p?
2
Let d(x) = x + 4*x**2 - 3*x + 5*x**2 - 2. Let p be d(2). Let v = p + -9. What are the prime factors of v?
3, 7
Let y(q) = q + 15. Let g(h) = 3*h + 31. Let j(l) = 4*g(l) - 9*y(l). List the prime factors of j(8).
13
Let p(b) = -5*b - 3. Let h(f) = -7*f - 4. Let k(r) = -5*h(r) + 8*p(r). What are the prime factors of k(-3)?
11
Let j = -19 - -31. What are the prime factors of j?
2, 3
Let h(p) = p. Let v(x) = -4*x**2 + 10*x + 2. Let n(d) = 8*h(d) - v(d). What are the prime factors of n(-2)?
2, 3
Let y(r) = -r - 8. Let b be y(-9). Let j be (b -